{"id":358,"date":"2023-04-03T08:02:44","date_gmt":"2023-04-03T08:02:44","guid":{"rendered":"https:\/\/test-agraph.space\/work\/tienda\/?post_type=product&#038;p=358"},"modified":"2023-06-21T17:44:38","modified_gmt":"2023-06-21T17:44:38","slug":"cariatide-s","status":"publish","type":"product","link":"https:\/\/test-agraph.space\/work\/tienda\/producto\/cariatide-s\/","title":{"rendered":"Cari\u00e1tide S"},"content":{"rendered":"<p>[vc_row unlock_row_content=\u00bbyes\u00bb row_height_percent=\u00bb0&#8243; override_padding=\u00bbyes\u00bb h_padding=\u00bb2&#8243; top_padding=\u00bb0&#8243; bottom_padding=\u00bb0&#8243; overlay_alpha=\u00bb50&#8243; gutter_size=\u00bb3&#8243; column_width_percent=\u00bb100&#8243; shift_y=\u00bb0&#8243; z_index=\u00bb0&#8243; uncode_shortcode_id=\u00bb950956&#8243;][vc_column width=\u00bb1\/1&#8243;][vc_empty_space empty_h=\u00bb2&#8243;][\/vc_column][\/vc_row][vc_row unlock_row_content=\u00bbyes\u00bb row_height_percent=\u00bb0&#8243; overlay_alpha=\u00bb50&#8243; gutter_size=\u00bb3&#8243; column_width_percent=\u00bb100&#8243; shift_y=\u00bb0&#8243; z_index=\u00bb0&#8243; uncode_shortcode_id=\u00bb362315&#8243; el_class=\u00bbimg8-12&#8243;][vc_column width=\u00bb1\/2&#8243;][vc_column_text uncode_shortcode_id=\u00bb159571&#8243; css=\u00bb.vc_custom_1684911007609{margin-bottom: -15px !important;}\u00bb]<\/p>\n<h2 class=\"metadatosCentro\" style=\"text-align: left;\">DISE\u00d1O<\/h2>\n<p>[\/vc_column_text][vc_column_text uncode_shortcode_id=\u00bb176084&#8243;]<\/p>\n<p class=\"normal\">La colecci\u00f3n de piezas decorativas Cari\u00e1tide se presenta en varias escalas y en diferentes alturas para poder adaptarse a cualquier ambiente. Conformadas como una extrusi\u00f3n vertical de una geometr\u00eda precisa que combina tramos rectos con curvas, sus cantos laterales aportan una esbeltez serena y elegante. La agrupaci\u00f3n de varias piezas configura, en s\u00ed misma, un entramado geom\u00e9trico que sortea la atm\u00f3sfera en la que se ubica.<\/p>\n<p>[\/vc_column_text][\/vc_column][vc_column width=\u00bb1\/2&#8243;][vc_column_text uncode_shortcode_id=\u00bb297336&#8243; css=\u00bb.vc_custom_1687368912625{margin-bottom: -15px !important;}\u00bb]<\/p>\n<h2 class=\"metadatosCentro\" style=\"text-align: left;\">PRODUCCI\u00d3N<\/h2>\n<p>[\/vc_column_text][vc_column_text uncode_shortcode_id=\u00bb120909&#8243;]<\/p>\n<p class=\"normal\">Fabricado por<a href=\"http:\/\/nerinea.com\/\" target=\"_blank\" rel=\"noopener\"> Nerinea<\/a><\/p>\n<p>[\/vc_column_text][vc_column_text uncode_shortcode_id=\u00bb128852&#8243;]<\/p>\n<p class=\"normal\">Lorem ipsum dolor sit amet, consectetur adipiscing elit. Donec metus ante, feugiat eu sollicitudin a, accumsan accumsan nunc. Duis id orci efficitur mi rutrum facilisis. Suspendisse potenti. Nulla congue nulla sit amet sapien condimentum iaculis. Integer sodales feugiat tortor.<\/p>\n<p>[\/vc_column_text][vc_column_text uncode_shortcode_id=\u00bb129439&#8243; css=\u00bb.vc_custom_1684950325284{margin-bottom: -15px !important;}\u00bb]<\/p>\n<h2 class=\"metadatosCentro\" style=\"text-align: left;\">PLAZO DE ENV\u00cdO<\/h2>\n<p>[\/vc_column_text][vc_column_text uncode_shortcode_id=\u00bb141911&#8243;]<\/p>\n<p class=\"normal\">3-4 semanas<\/p>\n<p>[\/vc_column_text][\/vc_column][\/vc_row][vc_row unlock_row_content=\u00bbyes\u00bb row_height_percent=\u00bb0&#8243; override_padding=\u00bbyes\u00bb h_padding=\u00bb0&#8243; top_padding=\u00bb0&#8243; bottom_padding=\u00bb0&#8243; overlay_alpha=\u00bb50&#8243; gutter_size=\u00bb3&#8243; column_width_percent=\u00bb100&#8243; shift_y=\u00bb0&#8243; z_index=\u00bb0&#8243; uncode_shortcode_id=\u00bb409923&#8243; el_class=\u00bbimg8-12&#8243;][vc_column width=\u00bb1\/1&#8243;][vc_empty_space empty_h=\u00bb4&#8243;][vc_separator sep_color=\u00bb\u00bb mobile_visibility=\u00bbyes\u00bb uncode_shortcode_id=\u00bb150718&#8243; el_width=\u00bb100%\u00bb el_height=\u00bb1&#8243; el_class=\u00bbdivLinea04&#8243;][\/vc_column][\/vc_row][vc_row unlock_row_content=\u00bbyes\u00bb row_height_percent=\u00bb0&#8243; override_padding=\u00bbyes\u00bb h_padding=\u00bb0&#8243; top_padding=\u00bb0&#8243; bottom_padding=\u00bb0&#8243; overlay_alpha=\u00bb50&#8243; gutter_size=\u00bb3&#8243; column_width_percent=\u00bb100&#8243; shift_y=\u00bb0&#8243; z_index=\u00bb0&#8243; mobile_visibility=\u00bbyes\u00bb uncode_shortcode_id=\u00bb130982&#8243; css=\u00bb.vc_custom_1684513763554{margin-bottom: 0px !important;padding-bottom: 0px !important;}\u00bb el_class=\u00bbimg8-12 out\u00bb][vc_column column_width_percent=\u00bb100&#8243; gutter_size=\u00bb3&#8243; overlay_alpha=\u00bb50&#8243; shift_x=\u00bb0&#8243; shift_y=\u00bb0&#8243; shift_y_down=\u00bb0&#8243; z_index=\u00bb0&#8243; medium_width=\u00bb0&#8243; mobile_width=\u00bb0&#8243; width=\u00bb1\/1&#8243; uncode_shortcode_id=\u00bb149457&#8243; css=\u00bb.vc_custom_1677583893277{padding-right: 10px !important;padding-left: 10px !important;}\u00bb][vc_empty_space empty_h=\u00bb0&#8243; medium_visibility=\u00bbyes\u00bb mobile_visibility=\u00bbyes\u00bb][uncode_navigation hide_label=\u00bbyes\u00bb hide_thumbnails=\u00bbyes\u00bb title_custom_typo=\u00bbyes\u00bb title_size=\u00bbh1&#8243; title_weight=\u00bb400&#8243; title_responsive=\u00bbyes\u00bb icon_size=\u00bbfa-3x\u00bb prev_icon=\u00bbfa fa-arrow-left4&#8243; next_icon=\u00bbfa fa-arrow-right4&#8243;][vc_empty_space empty_h=\u00bb0&#8243;][vc_empty_space empty_h=\u00bb3&#8243; mobile_visibility=\u00bbyes\u00bb][\/vc_column][\/vc_row][vc_row unlock_row_content=\u00bbyes\u00bb row_height_percent=\u00bb0&#8243; override_padding=\u00bbyes\u00bb h_padding=\u00bb0&#8243; top_padding=\u00bb0&#8243; bottom_padding=\u00bb0&#8243; overlay_alpha=\u00bb50&#8243; gutter_size=\u00bb3&#8243; column_width_percent=\u00bb100&#8243; shift_y=\u00bb0&#8243; z_index=\u00bb0&#8243; desktop_visibility=\u00bbyes\u00bb medium_visibility=\u00bbyes\u00bb uncode_shortcode_id=\u00bb198824&#8243; css=\u00bb.vc_custom_1678189224057{margin-bottom: 0px !important;padding-bottom: 0px !important;}\u00bb el_class=\u00bbmyDiv2 out\u00bb][vc_column column_width_percent=\u00bb100&#8243; gutter_size=\u00bb3&#8243; overlay_alpha=\u00bb50&#8243; shift_x=\u00bb0&#8243; shift_y=\u00bb0&#8243; shift_y_down=\u00bb0&#8243; z_index=\u00bb0&#8243; medium_width=\u00bb0&#8243; mobile_visibility=\u00bbyes\u00bb mobile_width=\u00bb0&#8243; width=\u00bb1\/6&#8243; uncode_shortcode_id=\u00bb880798&#8243;][\/vc_column][vc_column column_width_percent=\u00bb100&#8243; gutter_size=\u00bb3&#8243; overlay_alpha=\u00bb50&#8243; shift_x=\u00bb0&#8243; shift_y=\u00bb0&#8243; shift_y_down=\u00bb0&#8243; z_index=\u00bb0&#8243; medium_width=\u00bb0&#8243; mobile_width=\u00bb0&#8243; width=\u00bb4\/6&#8243; uncode_shortcode_id=\u00bb779908&#8243; css=\u00bb.vc_custom_1677584236802{padding-right: 20px !important;padding-left: 20px !important;}\u00bb][vc_separator sep_color=\u00bb\u00bb uncode_shortcode_id=\u00bb129580&#8243; el_width=\u00bb100%\u00bb el_height=\u00bb1&#8243;][uncode_navigation hide_label=\u00bbyes\u00bb hide_thumbnails=\u00bbyes\u00bb title_custom_typo=\u00bbyes\u00bb title_size=\u00bbh1&#8243; title_weight=\u00bb400&#8243; title_responsive=\u00bbyes\u00bb prev_icon=\u00bbfa fa-arrow-left4&#8243; next_icon=\u00bbfa fa-arrow-right4&#8243;][vc_empty_space empty_h=\u00bb0&#8243;][vc_empty_space empty_h=\u00bb3&#8243;][\/vc_column][vc_column column_width_percent=\u00bb100&#8243; gutter_size=\u00bb3&#8243; overlay_alpha=\u00bb50&#8243; shift_x=\u00bb0&#8243; shift_y=\u00bb0&#8243; shift_y_down=\u00bb0&#8243; z_index=\u00bb0&#8243; medium_width=\u00bb0&#8243; mobile_visibility=\u00bbyes\u00bb mobile_width=\u00bb0&#8243; width=\u00bb1\/6&#8243; uncode_shortcode_id=\u00bb789372&#8243;][\/vc_column][\/vc_row]<\/p>\n","protected":false},"excerpt":{"rendered":"<p>[vc_row unlock_row_content=\u00bbyes\u00bb row_height_percent=\u00bb0&#8243; override_padding=\u00bbyes\u00bb h_padding=\u00bb2&#8243; top_padding=\u00bb0&#8243; bottom_padding=\u00bb0&#8243; overlay_alpha=\u00bb50&#8243; gutter_size=\u00bb3&#8243; column_width_percent=\u00bb100&#8243; shift_y=\u00bb0&#8243; z_index=\u00bb0&#8243; uncode_shortcode_id=\u00bb950956&#8243;][vc_column width=\u00bb1\/1&#8243;][vc_empty_space empty_h=\u00bb2&#8243;][\/vc_column][\/vc_row][vc_row unlock_row_content=\u00bbyes\u00bb row_height_percent=\u00bb0&#8243; overlay_alpha=\u00bb50&#8243; gutter_size=\u00bb3&#8243; column_width_percent=\u00bb100&#8243; [&hellip;]<\/p>\n","protected":false},"featured_media":527,"template":"","meta":[],"product_brand":[],"product_cat":[26],"product_tag":[],"class_list":{"0":"post-358","1":"product","2":"type-product","3":"status-publish","4":"has-post-thumbnail","6":"product_cat-pieza-decorativa","8":"first","9":"instock","10":"taxable","11":"shipping-taxable","12":"purchasable","13":"product-type-variable","14":"has-default-attributes","15":"woocommerce-product-gallery--with-variation-gallery product-gallery-placeholder"},"jetpack_sharing_enabled":true,"_links":{"self":[{"href":"https:\/\/test-agraph.space\/work\/tienda\/wp-json\/wp\/v2\/product\/358","targetHints":{"allow":["GET"]}}],"collection":[{"href":"https:\/\/test-agraph.space\/work\/tienda\/wp-json\/wp\/v2\/product"}],"about":[{"href":"https:\/\/test-agraph.space\/work\/tienda\/wp-json\/wp\/v2\/types\/product"}],"wp:featuredmedia":[{"embeddable":true,"href":"https:\/\/test-agraph.space\/work\/tienda\/wp-json\/wp\/v2\/media\/527"}],"wp:attachment":[{"href":"https:\/\/test-agraph.space\/work\/tienda\/wp-json\/wp\/v2\/media?parent=358"}],"wp:term":[{"taxonomy":"product_brand","embeddable":true,"href":"https:\/\/test-agraph.space\/work\/tienda\/wp-json\/wp\/v2\/product_brand?post=358"},{"taxonomy":"product_cat","embeddable":true,"href":"https:\/\/test-agraph.space\/work\/tienda\/wp-json\/wp\/v2\/product_cat?post=358"},{"taxonomy":"product_tag","embeddable":true,"href":"https:\/\/test-agraph.space\/work\/tienda\/wp-json\/wp\/v2\/product_tag?post=358"}],"curies":[{"name":"wp","href":"https:\/\/api.w.org\/{rel}","templated":true}]}}